{"id":140,"date":"2016-11-22T21:47:58","date_gmt":"2016-11-22T21:47:58","guid":{"rendered":"http:\/\/sgsabroad.com\/?page_id=140"},"modified":"2016-11-22T21:47:58","modified_gmt":"2016-11-22T21:47:58","slug":"abdde-egitim","status":"publish","type":"page","link":"http:\/\/sgsabroad.com\/?page_id=140","title":{"rendered":"ABD&#8217;de E\u011fitim"},"content":{"rendered":"<p><span style=\"color: #df0000;\"><strong>NEDEN AMER\u0130KA?<\/strong><\/span><\/p>\n<p>Teknoloji ve ekonomideki g\u00fcc\u00fcyle d\u00fcnya liderleri aras\u0131nda hala bir numarada yeralan Amerika, farkl\u0131 bir vizyon olu\u015fturmak isteyenler i\u00e7in tercih listesinde ilk s\u0131ray\u0131 almaktad\u0131r. Eyalet ve \u015fehirlerine g\u00f6re \u00e7ok farkl\u0131 sosyal ve k\u00fclt\u00fcrel farkl\u0131l\u0131klar g\u00f6steren Amerika asl\u0131nda b\u00fcnyesinde bir \u00e7ok etnik k\u00fclt\u00fcr\u00fc toplamaktad\u0131r.<\/p>\n<p><span style=\"color: #df0000;\"><strong>NEDEN AMER\u0130KA&#8217;DA E\u011e\u0130T\u0130M?<\/strong><\/span><\/p>\n<p>D\u00fcnyada 1.2 milyon yabanc\u0131 \u00f6\u011frenci y\u00fcksek \u00f6\u011frenim g\u00f6rmek i\u00e7in Amerika &#8216;y\u0131 se\u00e7mektedir. Amerika&#8217;n\u0131n bu denli tercih edilmesinin sebebi d\u00fcnyan\u0131n en iyi \u00fcniversite sistemine sahip olmas\u0131, t\u00fcm alanlarda programlar\u0131n kalitesi, Amerikan \u00fcniversitelerinden edinilen diplomalar\u0131n d\u00fcnya \u00e7ap\u0131nda yayg\u0131n olarak tan\u0131nmas\u0131d\u0131r.<\/p>\n<p>Amerikan kolej ve \u00fcniversiteleri akademik y\u00f6n\u00fc a\u011f\u0131r basan, sadece mesle\u011fe d\u00f6n\u00fck e\u011fitim veren ,teknik, sanat yada sosyal bilimler alan\u0131nda uzmanla\u015fm\u0131\u015f olmalar\u0131 bak\u0131m\u0131ndan her iste\u011fe ve her \u00f6\u011frencinin niteliklerine g\u00f6re de\u011fi\u015fiklik alanlarda e\u011fitim imkan\u0131 sunmaktad\u0131r. Amerikan \u00fcniversitelerinin \u00f6ne \u00e7\u0131kan bir \u00f6zelli\u011fi de e\u011fitimde herzaman en yeni teknik ve teknoloji ile kullanmaya g\u00f6sterdikleri \u00f6zen ve bu kaynaklar\u0131 \u00f6\u011frencilerinin kullan\u0131m\u0131na sunmalar\u0131d\u0131r. Bu sistem sayesinde dogal olarak \u00f6\u011frenciler en son teknolojiyi kullanarak bilgi al\u0131\u015f veri\u015finde bulunmaktad\u0131rlar. E\u011fitim sisteminin y\u00fcksek lisans \u00f6\u011frencilerine sundu\u011fu bir ba\u015fka avantaj ise \u00f6\u011frenim g\u00f6r\u00fcrken ayn\u0131 anda ara\u015ft\u0131rma ve e\u011fitmenlik yapabilmesidir. B\u00f6ylelikle e\u011fitimine maddi katk\u0131 sa\u011flayabilmektedir.<\/p>\n<p>Amerikan \u00fcniversitelerinde zorunlu derslerin yan\u0131s\u0131ra \u00f6\u011frenciye sunulan se\u00e7meli ders se\u00e7enekleri sayesinde \u00f6\u011frenciler kendi ilgi alanlar\u0131na g\u00f6re y\u00f6nelip e\u011fitim alabilirler.<\/p>\n<p><span style=\"color: #df0000;\"><strong>AMER\u0130KA&#8217;DA E\u011e\u0130T\u0130M S\u0130STEM\u0130<\/strong><\/span><\/p>\n<p>Amerika&#8217;da 12 y\u0131ll\u0131k ilk ve orta \u00f6\u011frenimini tamamlayan \u00f6\u011frenciler y\u00fcksek \u00f6\u011frenimlerine a\u015fa\u011f\u0131da belirtilen e\u011fitim kurumlar\u0131nda devam edebilirler.<\/p>\n<ul>\n<li>Community College (2 y\u0131ll\u0131k derece ya da sertifika programlar\u0131 veren okullar)<\/li>\n<\/ul>\n<ul>\n<li>4 y\u0131ll\u0131k kolejler<\/li>\n<\/ul>\n<ul>\n<li>\u00dcniversiteler<\/li>\n<\/ul>\n<ul>\n<li>Teknoloji Enstit\u00fcleri<\/li>\n<\/ul>\n<ul>\n<li>Mesle\u011fe Y\u00f6nelik ve Teknik Okullar<\/li>\n<\/ul>\n<ul>\n<li>Hukuk ve T\u0131p alanlar\u0131nda \u00f6\u011frenci yeti\u015ftiren okullar<\/li>\n<\/ul>\n<p><span style=\"color: #df0000;\"><strong>AMER\u0130KA&#8217;DA E\u011e\u0130T\u0130M VE YA\u015eAM MAL\u0130YETLER\u0130<\/strong><\/span><\/p>\n<p>Eyaletlere ve okuldan okula \u00e7ok farkl\u0131l\u0131k g\u00f6sterse de Amerika&#8217;da y\u0131ll\u0131k e\u011fitim masraf\u0131 yakla\u015f\u0131k 3.000 ile 30.000 US $ civar\u0131ndad\u0131r. Konaklama, sa\u011fl\u0131k sigortas\u0131 ve ya\u015fam masraflar\u0131 da kat\u0131ld\u0131\u011f\u0131nda bu \u00fccretler 10.000 ile 50.000 aras\u0131nda de\u011fi\u015fecektir.<\/p>\n<p><span style=\"color: #df0000;\"><strong>AMER\u0130KA&#8217;DA \u00c7ALI\u015eMA OLANAKLARI<\/strong><\/span><\/p>\n<p>Bu \u00fclkede \u00fcniversite \u00f6\u011frencileri \u00f6\u011frenimlerini etkilememek ko\u015fuluyla haftada 20 saat kamp\u00fcs i\u00e7inde \u00e7al\u0131\u015fma iznine sahiptir. Tatillerde bu s\u00fcre haftada 40 saate kadar \u00e7\u0131kabilir. Ayr\u0131ca en az bir sene akademik e\u011fitimden sonra derece alan (mezun olan) \u00f6\u011frenciler 1 y\u0131l \u00e7al\u0131\u015fma hakk\u0131na sahiptir. (Practical Training Programme)<\/p>\n<p>&nbsp;<\/p>\n","protected":false},"excerpt":{"rendered":"<p>NEDEN AMER\u0130KA? Teknoloji ve ekonomideki g\u00fcc\u00fcyle d\u00fcnya liderleri aras\u0131nda hala bir numarada yeralan Amerika, farkl\u0131 bir vizyon olu\u015fturmak isteyenler i\u00e7in tercih listesinde ilk s\u0131ray\u0131 almaktad\u0131r. Eyalet ve \u015fehirlerine g\u00f6re \u00e7ok farkl\u0131 sosyal ve k\u00fclt\u00fcrel farkl\u0131l\u0131klar g\u00f6steren Amerika asl\u0131nda b\u00fcnyesinde bir \u00e7ok etnik k\u00fclt\u00fcr\u00fc toplamaktad\u0131r. NEDEN AMER\u0130KA&#8217;DA E\u011e\u0130T\u0130M? D\u00fcnyada 1.2 milyon yabanc\u0131 \u00f6\u011frenci y\u00fcksek \u00f6\u011frenim g\u00f6rmek<a class=\"moretag\" href=\"http:\/\/sgsabroad.com\/?page_id=140\"><span class=\"screen-reader-text\">Hakk\u0131nda daha fazlas\u0131n\u0131 oku ABD&#8217;de E\u011fitim<\/span>[&#8230;]<\/a><\/p>\n","protected":false},"author":2,"featured_media":0,"parent":0,"menu_order":0,"comment_status":"closed","ping_status":"closed","template":"","meta":[],"_links":{"self":[{"href":"http:\/\/sgsabroad.com\/index.php?rest_route=\/wp\/v2\/pages\/140"}],"collection":[{"href":"http:\/\/sgsabroad.com\/index.php?rest_route=\/wp\/v2\/pages"}],"about":[{"href":"http:\/\/sgsabroad.com\/index.php?rest_route=\/wp\/v2\/types\/page"}],"author":[{"embeddable":true,"href":"http:\/\/sgsabroad.com\/index.php?rest_route=\/wp\/v2\/users\/2"}],"replies":[{"embeddable":true,"href":"http:\/\/sgsabroad.com\/index.php?rest_route=%2Fwp%2Fv2%2Fcomments&post=140"}],"version-history":[{"count":1,"href":"http:\/\/sgsabroad.com\/index.php?rest_route=\/wp\/v2\/pages\/140\/revisions"}],"predecessor-version":[{"id":141,"href":"http:\/\/sgsabroad.com\/index.php?rest_route=\/wp\/v2\/pages\/140\/revisions\/141"}],"wp:attachment":[{"href":"http:\/\/sgsabroad.com\/index.php?rest_route=%2Fwp%2Fv2%2Fmedia&parent=140"}],"curies":[{"name":"wp","href":"https:\/\/api.w.org\/{rel}","templated":true}]}}