{"id":144,"date":"2016-11-22T21:49:33","date_gmt":"2016-11-22T21:49:33","guid":{"rendered":"http:\/\/sgsabroad.com\/?page_id=144"},"modified":"2016-11-22T21:49:33","modified_gmt":"2016-11-22T21:49:33","slug":"ingilterede-egitim","status":"publish","type":"page","link":"http:\/\/sgsabroad.com\/?page_id=144","title":{"rendered":"\u0130ngiltere&#8217;de E\u011fitim"},"content":{"rendered":"<p><span style=\"color: #df0000;\"><strong>NEDEN \u0130NG\u0130LTERE?<\/strong><\/span><\/p>\n<p>\u0130ngiltere, k\u00f6kl\u00fc tarihi ve zengin k\u00fclt\u00fcr\u00fc ile Avrupa&#8217;n\u0131n \u00f6nde gelen ve her \u0131rktan, dinden ve renkten insanlarla kar\u015f\u0131la\u015fabilece\u011finiz ayn\u0131 zamanda kendinizi yaln\u0131z hissetmeyeceginiz bir \u00fclkedir.<\/p>\n<p>En \u00f6nemli sosyal hizmeti uzun d\u00f6nemli \u00f6\u011frenci olarak giri\u015f yapan \u00f6\u011frencilere \u00fccretsiz sa\u011fl\u0131k hizmeti sunmas\u0131d\u0131r. Britanya Ulusal Sa\u011fl\u0131k Hizmeti Sigortas\u0131 \u00e7er\u00e7evesinde bu hizmetten yararlanabilirsiniz.<\/p>\n<p><span style=\"color: #df0000;\"><strong>NEDEN \u0130NG\u0130LTERE&#8217;DE E\u011e\u0130T\u0130M?<\/strong><\/span><\/p>\n<p>E\u011fitim g\u00f6rmek i\u00e7in \u0130ngiltere&#8217;ye gelen yabanc\u0131 \u00f6\u011frenciler \u0130ngiltere&#8217;nin sundu\u011fu geni\u015f k\u00fclt\u00fcrel ve toplumsal olanaklardan yararlanmak ve bu k\u00fclt\u00fcr\u00fc yerinde tan\u0131mak imkani bulurlar. \u0130ngiltere&#8217;nin tercih edilmesinin sebeplerinden baz\u0131lar\u0131 Amerika, Kanada ve Avustralya ile k\u0131yasland\u0131\u011f\u0131nda co\u011frafi yak\u0131nl\u0131\u011f\u0131, ula\u015f\u0131m kolayl\u0131\u011f\u0131 ve saat fark\u0131n\u0131n az olmas\u0131d\u0131r. \u0130ngiltere&#8217;de e\u011fitim g\u00f6rmenin en b\u00fcy\u00fck avantaj\u0131 Britanya&#8217;daki bir \u00f6\u011frenim program\u0131 i\u00e7in \u00e7ok para ve zaman ay\u0131rmalar\u0131n\u0131n gerekmemesidir.\u00c7\u00fcnk\u00fc \u00f6\u011frenciler haz\u0131rl\u0131k ve Yabanc\u0131 dil olarak \u0130ngilizce \u00f6\u011frenimi de dahil bir diploma derecesi alabilmek i\u00e7in 4 y\u0131ldan fazla zaman harcamayacaklard\u0131r.<\/p>\n<p>Bunun yan\u0131s\u0131ra e\u011fitim kurumlar\u0131nda s\u0131n\u0131flar\u0131n k\u00fc\u00e7\u00fckl\u00fc\u011f\u00fc ve bu sebeple \u00f6\u011frenci \u00f6\u011fretmen ili\u015fkilerinin samimiyeti yabanc\u0131 \u00f6\u011frencilerin ilgisini cezbeder.<\/p>\n<p><span style=\"color: #df0000;\"><strong>\u0130NG\u0130LTERE&#8217;DE E\u011e\u0130T\u0130M S\u0130STEM\u0130<\/strong><\/span><\/p>\n<p>\u0130ngiltere&#8217;de e\u011fitim g\u00f6rmek isteyen yabanc\u0131 bir \u00f6\u011frencinin dikkat etmesi gereken en \u00f6nemli nokta \u0130ngiliz e\u011fitim sisteminin farkl\u0131l\u0131\u011f\u0131d\u0131r. Bu sistemde \u0130ngiliz \u00f6\u011frenciler 16 ya\u015f\u0131nda ba\u015flayan \u0130leri D\u00fczey S\u0131navlar\u0131 ( A-Levels) ile ba\u015flay\u0131p sonra \u00e7e\u015fitli derecelerle e\u011fitim hayatlar\u0131na devam ederler. Dolay\u0131s\u0131yla kendi \u00fclkesinde b\u00f6yle bir sistemden gelmemi\u015f olan yabanc\u0131 \u00f6\u011frenci y\u00fcksek \u00f6\u011frenime ba\u015flayabilmek i\u00e7in uluslararas\u0131 \u00f6\u011frenciler i\u00e7in d\u00fczenlenmi\u015f \u00f6zel haz\u0131rl\u0131k (Foundation ) y\u0131l\u0131n\u0131 okumak durumundad\u0131r.<\/p>\n<p>\u0130ngiltere&#8217;de al\u0131nabilecek di\u011fer e\u011fitim olanaklar\u0131 ve s\u00fcreleri<\/p>\n<ul>\n<li>Yabanc\u0131 dil ya da \u00f6zel ama\u00e7l\u0131 \u0130ngilizce- Bir haftadan ba\u015flay\u0131p 24 haftaya kadar s\u00fcrebilir.<\/li>\n<\/ul>\n<ul>\n<li>Mesleki bir \u00fcnvan almak i\u00e7in verilen e\u011fitimler- Bir ya da iki y\u0131l s\u00fcrer.<\/li>\n<\/ul>\n<ul>\n<li>GCSE Dereceleri dereceleri (Lise E\u011fitimi Genel Sertifikas\u0131) ve A-Levels (\u0130leri D\u00fczey S\u0131navlar\u0131)- \u00d6\u011frencinin durumuna g\u00f6re bir ya da iki y\u0131l s\u00fcrer.<\/li>\n<\/ul>\n<ul>\n<li>Lisans ve Y\u00fcksek Lisans Programlar\u0131na Haz\u0131rl\u0131k Kurslar\u0131- 1 yada 2 s\u00f6mestri s\u00fcrer.<\/li>\n<\/ul>\n<ul>\n<li>Lisans Programlar\u0131- B\u00f6l\u00fcm\u00fcne g\u00f6re 3- 4 y\u0131l s\u00fcrer.<\/li>\n<\/ul>\n<ul>\n<li>Lisans\u00fcst\u00fc dereceleri (y\u00fcksek lisans ve doktora d\u00fczeylerinde) &#8211; Y\u00fcksek lisans 9 ay- 1 y\u0131l aras\u0131d\u0131r. Doktora dereceleri ise 3 y\u0131l daha fazla s\u00fcrer.<\/li>\n<\/ul>\n<p>\u0130ngiltere&#8217;de lisans ve y\u00fcksek lisans programlar\u0131n\u0131n y\u0131ll\u0131k masraf\u0131 GBP 5.000-8.500 aras\u0131nda de\u011fi\u015fir.<\/p>\n<p><span style=\"color: #df0000;\"><strong>\u0130NG\u0130LTERE&#8217;DE YA\u015eAM<\/strong><\/span><\/p>\n<p>Ya\u015fam giderleri b\u00f6lgeden b\u00f6lgeye farkl\u0131l\u0131k g\u00f6stermekle birlikte ya\u015fam tarz\u0131na da ba\u011fl\u0131d\u0131r. Londra, Oxford, Cambridge gibi b\u00fcy\u00fck \u015fehirlerde y\u0131ll\u0131k bazda temel ge\u00e7inme masraflar\u0131 GBP 7.000 &#8211; 10.000 olurken, di\u011fer \u015fehirlerde GBP 6.000- 8.000 olarak d\u00fc\u015f\u00fcn\u00fclebilir.<\/p>\n<p>Ge\u00e7inme giderlerinin i\u00e7inde kalacak yer , yeme i\u00e7me masraflar\u0131, enerji t\u00fcketim faturalar\u0131, g\u00fcnl\u00fck ula\u015f\u0131m, \u00e7ama\u015f\u0131r y\u0131kama , giyim, sosyal faaliyetler ve e\u011flence giderleri de dahildir.<\/p>\n<p><span style=\"color: #df0000;\"><strong>\u0130NG\u0130LTERE&#8217;DE \u00c7ALI\u015eMA OLANAKLARI<\/strong><\/span><\/p>\n<p>Uzun d\u00f6nem \u00f6\u011frenci iseniz part-time \u00e7al\u0131\u015fma hakk\u0131n\u0131z vard\u0131r.Ancak bu \u015fekilde \u00e7al\u0131\u015farak kazanaca\u011f\u0131n\u0131z \u00fccret okul yada di\u011fer ya\u015fam masraflar\u0131n\u0131z\u0131 kar\u015f\u0131lamaktan \u00f6te sadece cep har\u00e7l\u0131\u011f\u0131 olabilir.<\/p>\n<p>&nbsp;<\/p>\n","protected":false},"excerpt":{"rendered":"<p>NEDEN \u0130NG\u0130LTERE? \u0130ngiltere, k\u00f6kl\u00fc tarihi ve zengin k\u00fclt\u00fcr\u00fc ile Avrupa&#8217;n\u0131n \u00f6nde gelen ve her \u0131rktan, dinden ve renkten insanlarla kar\u015f\u0131la\u015fabilece\u011finiz ayn\u0131 zamanda kendinizi yaln\u0131z hissetmeyeceginiz bir \u00fclkedir. En \u00f6nemli sosyal hizmeti uzun d\u00f6nemli \u00f6\u011frenci olarak giri\u015f yapan \u00f6\u011frencilere \u00fccretsiz sa\u011fl\u0131k hizmeti sunmas\u0131d\u0131r. Britanya Ulusal Sa\u011fl\u0131k Hizmeti Sigortas\u0131 \u00e7er\u00e7evesinde bu hizmetten yararlanabilirsiniz. NEDEN \u0130NG\u0130LTERE&#8217;DE E\u011e\u0130T\u0130M? E\u011fitim<a class=\"moretag\" href=\"http:\/\/sgsabroad.com\/?page_id=144\"><span class=\"screen-reader-text\">Hakk\u0131nda daha fazlas\u0131n\u0131 oku \u0130ngiltere&#8217;de E\u011fitim<\/span>[&#8230;]<\/a><\/p>\n","protected":false},"author":2,"featured_media":0,"parent":0,"menu_order":0,"comment_status":"closed","ping_status":"closed","template":"","meta":[],"_links":{"self":[{"href":"http:\/\/sgsabroad.com\/index.php?rest_route=\/wp\/v2\/pages\/144"}],"collection":[{"href":"http:\/\/sgsabroad.com\/index.php?rest_route=\/wp\/v2\/pages"}],"about":[{"href":"http:\/\/sgsabroad.com\/index.php?rest_route=\/wp\/v2\/types\/page"}],"author":[{"embeddable":true,"href":"http:\/\/sgsabroad.com\/index.php?rest_route=\/wp\/v2\/users\/2"}],"replies":[{"embeddable":true,"href":"http:\/\/sgsabroad.com\/index.php?rest_route=%2Fwp%2Fv2%2Fcomments&post=144"}],"version-history":[{"count":1,"href":"http:\/\/sgsabroad.com\/index.php?rest_route=\/wp\/v2\/pages\/144\/revisions"}],"predecessor-version":[{"id":146,"href":"http:\/\/sgsabroad.com\/index.php?rest_route=\/wp\/v2\/pages\/144\/revisions\/146"}],"wp:attachment":[{"href":"http:\/\/sgsabroad.com\/index.php?rest_route=%2Fwp%2Fv2%2Fmedia&parent=144"}],"curies":[{"name":"wp","href":"https:\/\/api.w.org\/{rel}","templated":true}]}}