{"id":69,"date":"2016-11-21T22:50:22","date_gmt":"2016-11-21T22:50:22","guid":{"rendered":"http:\/\/sgsabroad.com\/?page_id=69"},"modified":"2016-11-22T21:18:00","modified_gmt":"2016-11-22T21:18:00","slug":"kurs-turleri-2","status":"publish","type":"page","link":"http:\/\/sgsabroad.com\/?page_id=69","title":{"rendered":"Kurs T\u00fcrleri"},"content":{"rendered":"<table style=\"height: 599px;\" width=\"801\" cellspacing=\"0\" cellpadding=\"0\">\n<tbody>\n<tr>\n<td class=\"MENU\" width=\"260\"><span style=\"color: #df0000;\"><strong>GENEL \u0130NG\u0130L\u0130ZCE<\/strong><\/span><\/p>\n<p>16 ya\u015f ve \u00fczeri i\u00e7in ge\u00e7erli olan bu kurslar, ba\u015flang\u0131\u00e7 d\u00fczeyinden ileri d\u00fczeye kadar her seviyede mevcuttur. Haftada 20, 25, 28 ders olan kurslar minimum 2 haftadan ba\u015flar, 48 haftayssa kadar devam eder. \u0130ngilizce&#8217;yi g\u00fcnl\u00fck hayatta (i\u015f, sosyal hayat,al\u0131\u015fveri\u015f&#8230;) kullan\u0131lan \u015fekliyle \u00f6\u011fretmeyi ama\u00e7lar.<\/p>\n<p><span style=\"color: #df0000;\"><strong>YO\u011eUN \u0130NG\u0130L\u0130ZCE<\/strong><\/span><\/p>\n<p>S\u00fcre a\u00e7\u0131s\u0131ndan okullara g\u00f6re farkl\u0131l\u0131k g\u00f6stermekle beraber genellikle 30 dersten ba\u015flamaktad\u0131r. Zaman\u0131n\u0131z\u0131 \u00f6\u011frenebilece\u011finizin maksimumu i\u00e7in kullanmak istiyorsan\u0131z ya da k\u0131sa s\u00fcreli olarak dil kursuna kat\u0131lacaksan\u0131z en uygun programd\u0131r.<\/td>\n<td class=\"MENU\" width=\"264\"><img loading=\"lazy\" src=\"http:\/\/www.ngbdanismanlik.com\/resimler\/00.jpg\" width=\"232\" height=\"142\" \/><\/td>\n<\/tr>\n<tr>\n<td colspan=\"2\">\n<hr \/>\n<\/td>\n<\/tr>\n<\/tbody>\n<\/table>\n<table style=\"height: 576px;\" width=\"805\" cellspacing=\"0\" cellpadding=\"0\">\n<tbody>\n<tr>\n<td class=\"MENU\" colspan=\"2\"><span style=\"color: #df0000;\"><strong>AKADEM\u0130K YIL PROGRAMLARI<\/strong><\/span><\/td>\n<\/tr>\n<tr>\n<td class=\"MENU\" width=\"232\"><img loading=\"lazy\" src=\"http:\/\/www.ngbdanismanlik.com\/resimler\/002.jpg\" width=\"232\" height=\"142\" \/><\/td>\n<td class=\"MENU\" width=\"272\"><span style=\"color: #df0000;\"><strong>\u0130\u015e \u0130NG\u0130L\u0130ZCES\u0130<\/strong><\/span><\/p>\n<p>Bu programlar, Genel \u0130ngilizce + \u0130\u015f \u0130ngilizcesi \u015feklinde verilmektedir. Kursa kat\u0131l\u0131m i\u00e7in en az orta d\u00fczeyde \u0130ngilizce bilgisine sahip olmak gerekir. Program, ticari terimler (pazarlama, finans&#8230;), i\u015f g\u00f6r\u00fc\u015fmeleri, ticari yaz\u0131\u015fmalar, toplant\u0131ya kat\u0131l\u0131m, telefonda g\u00f6r\u00fc\u015fme teknikleri, rapor haz\u0131rlama, sunum (prezantasyon) gibi konular\u0131 i\u00e7ermektedir.<\/p>\n<p><span style=\"color: #df0000;\"><strong>MESLEK\u0130 \u0130NG\u0130L\u0130ZCE<\/strong><\/span><\/p>\n<p>Mesle\u011finizin gerektirdi\u011fi \u0130ngilizce&#8217;yi \u00f6\u011fretmeyi ama\u00e7layan bir programd\u0131r (hukuk, t\u0131p, turizm, ekonomi, ithalat &#8211; ihracat, finans, pazarlama, gazetecilik, m\u00fchendislik, m\u00fczik, sekreterlik, sanat, \u00f6\u011fretmenlere \u00f6zel programlar -teacher training program- gibi&#8230;).<\/td>\n<\/tr>\n<\/tbody>\n<\/table>\n<table style=\"height: 1029px;\" width=\"805\" cellspacing=\"0\" cellpadding=\"0\">\n<tbody>\n<tr>\n<td class=\"MENU\" width=\"260\"><span style=\"color: #df0000;\"><strong>SINAVLARA HAZIRLIK KURSLARI<\/strong><\/span><\/p>\n<p>Premilinary English Test (PET), Key English Test (KET), Cambridge First Certificate (CFC), Cambridge Advanced English Certificate (CAE), Cambridge Certificate of Proficiency in English (CPE), Cambridge Exam in English for Language Teachers (CEELT), International English Language Testing System (IELTS), Test of English as a Foreign Language (TOEFL), TRINITY, A Level.<\/p>\n<p><span style=\"color: #df0000;\"><strong>\u0130\u015f \u0130ngilizcesi Yeterlilik S\u0131navlar\u0131<\/strong><\/span><\/p>\n<p>TOIEC (Test of English for International Communication), CEIBT (Cambridge Certificate in English for International Business and Trade), LCCI (London Chamber of Commerce and Industry) gibi s\u0131navlara haz\u0131rlayan programlard\u0131r.<\/p>\n<p><span style=\"color: #df0000;\"><strong>EXECUTIVE<\/strong><\/span><\/p>\n<p>Zaman\u0131 k\u0131s\u0131tl\u0131 olan i\u015f adamlar\u0131, profesyoneller, \u00fcst d\u00fczey y\u00f6neticiler i\u00e7in d\u00fczenlenmi\u015f, k\u00fc\u00e7\u00fck gruplarla y\u00fcr\u00fct\u00fclen programlard\u0131r.<\/p>\n<p><span style=\"color: #df0000;\"><strong>B\u0130RE-B\u0130R \u0130NG\u0130L\u0130ZCE<\/strong><\/span><\/p>\n<p>\u00d6\u011fretmeninizden sadece siz ders almak istiyorsan\u0131z bir \u00e7ok dil okulunun verdi\u011fi bu programa kat\u0131labilirsiniz.<\/td>\n<td class=\"MENU\" align=\"center\" width=\"264\"><img loading=\"lazy\" src=\"http:\/\/www.ngbdanismanlik.com\/resimler\/003.jpg\" width=\"247\" height=\"349\" \/><\/td>\n<\/tr>\n<tr>\n<td colspan=\"2\">\n<hr \/>\n<\/td>\n<\/tr>\n<\/tbody>\n<\/table>\n<table style=\"height: 1081px;\" width=\"809\" cellspacing=\"0\" cellpadding=\"0\">\n<tbody>\n<tr>\n<td class=\"MENU\" width=\"232\"><img loading=\"lazy\" src=\"http:\/\/www.ngbdanismanlik.com\/resimler\/001.jpg\" width=\"142\" height=\"232\" \/><\/td>\n<td class=\"MENU\" width=\"272\"><span style=\"color: #df0000;\"><strong>\u00dcN\u0130VERS\u0130TEYE HAZIRLIK<\/strong><\/span><\/p>\n<p>\u00dcniversiteye giri\u015f i\u00e7in haz\u0131rlanm\u0131\u015f programlar olup yo\u011fun \u0130ngilizce derslerine ek olarak \u00e7e\u015fitli konularda dersler almak da m\u00fcmk\u00fcnd\u00fcr.<\/p>\n<p><span style=\"color: #df0000;\"><strong>PRE MBA<\/strong><\/span><\/p>\n<p>MBA yapmay\u0131 d\u00fc\u015f\u00fcnen \u00f6\u011frencileri s\u0131navlara haz\u0131rlayan programd\u0131r.<\/p>\n<p><span style=\"color: #df0000;\"><strong>WORK &amp; STUDY<\/strong><\/span><\/p>\n<p>Amerika, Kanada ve Avustralya &#8216;da belirli bir s\u00fcre yo\u011fun \u0130ngilizce kursu ald\u0131ktan sonra 4 &#8211; 24 hafta aras\u0131 ilgilenilen konuda faaliyet g\u00f6steren bir \u015firkette staj yapma olana\u011f\u0131 sa\u011flayan programd\u0131r.<\/td>\n<\/tr>\n<tr>\n<td class=\"MENU\" colspan=\"2\" width=\"506\"><span style=\"color: #df0000;\"><strong>FRANSA, \u0130TALYA, \u0130SPANYA, ALMANYA, \u0130SV\u0130\u00c7RE&#8217;DEK\u0130 D\u0130L E\u011e\u0130T\u0130M\u0130 PROGRAMLARI<\/strong><\/span><\/p>\n<p><span style=\"color: #df0000;\"><strong>FRANSA:<\/strong><\/span> Genel &#8211; Yo\u011fun &#8211; Akademik Y\u0131l &#8211; Work &amp; Study &#8211; Bire bir &#8211; S\u0131navlara Haz\u0131rl\u0131k \/ Le Certificat Pratique de Fran\u00e7ais Commercial et Economique de La Chambre de Commerce et d&#8217;Industrie de Paris, Dipl\u00f4me d&#8217;Etudes en Langue Fran\u00e7aise (DELF)<\/p>\n<p><span style=\"color: #df0000;\"><strong>\u0130TALYA:<\/strong><\/span> Genel &#8211; Yo\u011fun &#8211; Akademik Y\u0131l &#8211; K\u00fclt\u00fcrel Program (Dil kursu + \u0130talyan k\u00fclt\u00fcr\u00fc \/ mutfa\u011f\u0131 \/ sanat tarihi \/edebiyat\u0131&#8230;.) &#8211; S\u0131nava Haz\u0131rl\u0131k Kursu \/ Certificazione Per Italiano come Lingua Seconda (CILS)<\/p>\n<p><span style=\"color: #df0000;\"><strong>\u0130SPANYA:<\/strong><\/span> Genel &#8211; Yo\u011fun &#8211; Akademik Y\u0131l &#8211; Bire bir &#8211; S\u0131navlara Haz\u0131rl\u0131k Kursu \/ Diploma Superior de Espa\u00f1ol como Lengua Extranjera (DELE)<\/p>\n<p><span style=\"color: #df0000;\"><strong>ALMANYA &amp; \u0130SV\u0130\u00c7RE:<\/strong><\/span> Genel &#8211; Yo\u011fun &#8211; Akademik Y\u0131l &#8211; Work &amp; Study &#8211; \u0130\u015f Almancas\u0131 &#8211; Bire bir &#8211; S\u0131nava Haz\u0131rl\u0131k Kursu \/ Zertifikat Deutsch als Fremdsprache (ZdaF)<\/p>\n<p>Kurs t\u00fcrleri hakk\u0131nda ayr\u0131nt\u0131l\u0131 bilgi i\u00e7in l\u00fctfen bizimle ba\u011flant\u0131ya ge\u00e7in.<\/td>\n<\/tr>\n<\/tbody>\n<\/table>\n","protected":false},"excerpt":{"rendered":"<p>GENEL \u0130NG\u0130L\u0130ZCE 16 ya\u015f ve \u00fczeri i\u00e7in ge\u00e7erli olan bu kurslar, ba\u015flang\u0131\u00e7 d\u00fczeyinden ileri d\u00fczeye kadar her seviyede mevcuttur. Haftada 20, 25, 28 ders olan kurslar minimum 2 haftadan ba\u015flar, 48 haftayssa kadar devam eder. \u0130ngilizce&#8217;yi g\u00fcnl\u00fck hayatta (i\u015f, sosyal hayat,al\u0131\u015fveri\u015f&#8230;) kullan\u0131lan \u015fekliyle \u00f6\u011fretmeyi ama\u00e7lar. YO\u011eUN \u0130NG\u0130L\u0130ZCE S\u00fcre a\u00e7\u0131s\u0131ndan okullara g\u00f6re farkl\u0131l\u0131k g\u00f6stermekle beraber genellikle<a class=\"moretag\" href=\"http:\/\/sgsabroad.com\/?page_id=69\"><span class=\"screen-reader-text\">Hakk\u0131nda daha fazlas\u0131n\u0131 oku Kurs T\u00fcrleri<\/span>[&#8230;]<\/a><\/p>\n","protected":false},"author":1,"featured_media":0,"parent":0,"menu_order":0,"comment_status":"closed","ping_status":"closed","template":"template-fullwidth.php","meta":[],"_links":{"self":[{"href":"http:\/\/sgsabroad.com\/index.php?rest_route=\/wp\/v2\/pages\/69"}],"collection":[{"href":"http:\/\/sgsabroad.com\/index.php?rest_route=\/wp\/v2\/pages"}],"about":[{"href":"http:\/\/sgsabroad.com\/index.php?rest_route=\/wp\/v2\/types\/page"}],"author":[{"embeddable":true,"href":"http:\/\/sgsabroad.com\/index.php?rest_route=\/wp\/v2\/users\/1"}],"replies":[{"embeddable":true,"href":"http:\/\/sgsabroad.com\/index.php?rest_route=%2Fwp%2Fv2%2Fcomments&post=69"}],"version-history":[{"count":2,"href":"http:\/\/sgsabroad.com\/index.php?rest_route=\/wp\/v2\/pages\/69\/revisions"}],"predecessor-version":[{"id":103,"href":"http:\/\/sgsabroad.com\/index.php?rest_route=\/wp\/v2\/pages\/69\/revisions\/103"}],"wp:attachment":[{"href":"http:\/\/sgsabroad.com\/index.php?rest_route=%2Fwp%2Fv2%2Fmedia&parent=69"}],"curies":[{"name":"wp","href":"https:\/\/api.w.org\/{rel}","templated":true}]}}