{"id":97,"date":"2016-11-22T21:15:05","date_gmt":"2016-11-22T21:15:05","guid":{"rendered":"http:\/\/sgsabroad.com\/?page_id=97"},"modified":"2016-11-22T21:44:56","modified_gmt":"2016-11-22T21:44:56","slug":"sertifika-diploma","status":"publish","type":"page","link":"http:\/\/sgsabroad.com\/?page_id=97","title":{"rendered":"Sertifika &#038; Diploma"},"content":{"rendered":"<p><span style=\"color: #df0000;\"><strong>SERT\u0130F\u0130KA &amp; D\u0130PLOMA PROGRAMLARI?<\/strong><\/span><\/p>\n<p>Lisans programlar\u0131na g\u00f6re daha k\u0131sa s\u00fcreli olan ve istedi\u011finiz alanda alabilece\u011finiz bu programlar, minimum orta d\u00fczeyde \u0130ngilizce seviyesi gerektirmektedir. S\u00fcreleri 3 ay ile 1 y\u0131l aras\u0131nda de\u011fi\u015fmektedir. SGS ABROAD, \u00f6ncelikle \u0130ngiltere, Amerika ve Avustralya&#8217;da mevcut sertifika ve diploma programlar\u0131n\u0131n ba\u011flant\u0131lar\u0131n\u0131 kurmaktad\u0131r.<\/p>\n<p>L\u00fctfen a\u015fa\u011f\u0131da bilgi almak istedi\u011finiz \u00fclkeye t\u0131klay\u0131n&#8230;<\/p>\n<ul>\n<li><a href=\"http:\/\/sgsabroad.com\/?page_id=123\">Amerika<\/a><\/li>\n<li><a href=\"http:\/\/sgsabroad.com\/?page_id=126\">Avustralya<\/a><\/li>\n<li><a href=\"http:\/\/sgsabroad.com\/?page_id=135\">\u0130ngiltere<\/a><\/li>\n<\/ul>\n<p>Ayr\u0131nt\u0131l\u0131 bilgi ve di\u011fer \u00fclkeler i\u00e7in l\u00fctfen bizimle temasa ge\u00e7in.<\/p>\n<p>&nbsp;<\/p>\n","protected":false},"excerpt":{"rendered":"<p>SERT\u0130F\u0130KA &amp; D\u0130PLOMA PROGRAMLARI? Lisans programlar\u0131na g\u00f6re daha k\u0131sa s\u00fcreli olan ve istedi\u011finiz alanda alabilece\u011finiz bu programlar, minimum orta d\u00fczeyde \u0130ngilizce seviyesi gerektirmektedir. S\u00fcreleri 3 ay ile 1 y\u0131l aras\u0131nda de\u011fi\u015fmektedir. SGS ABROAD, \u00f6ncelikle \u0130ngiltere, Amerika ve Avustralya&#8217;da mevcut sertifika ve diploma programlar\u0131n\u0131n ba\u011flant\u0131lar\u0131n\u0131 kurmaktad\u0131r. L\u00fctfen a\u015fa\u011f\u0131da bilgi almak istedi\u011finiz \u00fclkeye t\u0131klay\u0131n&#8230; Amerika Avustralya \u0130ngiltere<a class=\"moretag\" href=\"http:\/\/sgsabroad.com\/?page_id=97\"><span class=\"screen-reader-text\">Hakk\u0131nda daha fazlas\u0131n\u0131 oku Sertifika &#038; Diploma<\/span>[&#8230;]<\/a><\/p>\n","protected":false},"author":2,"featured_media":0,"parent":0,"menu_order":0,"comment_status":"closed","ping_status":"closed","template":"template-fullwidth.php","meta":[],"_links":{"self":[{"href":"http:\/\/sgsabroad.com\/index.php?rest_route=\/wp\/v2\/pages\/97"}],"collection":[{"href":"http:\/\/sgsabroad.com\/index.php?rest_route=\/wp\/v2\/pages"}],"about":[{"href":"http:\/\/sgsabroad.com\/index.php?rest_route=\/wp\/v2\/types\/page"}],"author":[{"embeddable":true,"href":"http:\/\/sgsabroad.com\/index.php?rest_route=\/wp\/v2\/users\/2"}],"replies":[{"embeddable":true,"href":"http:\/\/sgsabroad.com\/index.php?rest_route=%2Fwp%2Fv2%2Fcomments&post=97"}],"version-history":[{"count":4,"href":"http:\/\/sgsabroad.com\/index.php?rest_route=\/wp\/v2\/pages\/97\/revisions"}],"predecessor-version":[{"id":137,"href":"http:\/\/sgsabroad.com\/index.php?rest_route=\/wp\/v2\/pages\/97\/revisions\/137"}],"wp:attachment":[{"href":"http:\/\/sgsabroad.com\/index.php?rest_route=%2Fwp%2Fv2%2Fmedia&parent=97"}],"curies":[{"name":"wp","href":"https:\/\/api.w.org\/{rel}","templated":true}]}}